and 78023.
11
What is the highest common factor of 231 and 1351119?
231
What is the highest common factor of 962 and 4472?
26
Calculate the highest common divisor of 75874 and 1888.
118
Calculate the greatest common factor of 1602 and 1854.
18
Calculate the highest common factor of 1705 and 99169.
31
What is the highest common divisor of 480 and 5385?
15
Calculate the highest common factor of 11936 and 133907.
373
What is the greatest common divisor of 381959 and 29?
29
What is the greatest common divisor of 50 and 131470?
10
What is the greatest common factor of 5891901 and 87?
87
Calculate the greatest common divisor of 532 and 1392510.
266
What is the highest common divisor of 33196 and 688?
172
Calculate the highest common factor of 366 and 1341146.
122
Calculate the greatest common divisor of 157939 and 43.
43
Calculate the greatest common divisor of 87867 and 468.
117
What is the greatest common divisor of 34191 and 6525?
261
What is the highest common divisor of 10552 and 164?
4
What is the greatest common divisor of 3578 and 1182529?
1789
What is the greatest common divisor of 644 and 3013?
23
What is the highest common factor of 1593 and 222561?
27
What is the greatest common factor of 81 and 1611?
9
What is the highest common divisor of 820 and 1734505?
205
Calculate the highest common divisor of 477 and 113473.
53
What is the greatest common divisor of 354 and 2031?
3
Calculate the greatest common factor of 345982 and 42.
14
What is the greatest common divisor of 2277 and 62667?
99
Calculate the highest common divisor of 14475 and 4575.
75
Calculate the greatest common factor of 42 and 244958.
14
Calculate the highest common factor of 494 and 77387.
19
Calculate the greatest common divisor of 10 and 786825.
5
What is the highest common divisor of 9611 and 49?
7
Calculate the highest common factor of 144 and 10992.
48
Calculate the highest common factor of 219 and 170893.
73
What is the greatest common factor of 105 and 169715?
35
What is the greatest common divisor of 74828 and 3926?
26
Calculate the greatest common divisor of 4281574 and 418.
418
Calculate the highest common divisor of 6174 and 4802.
686
Calculate the highest common divisor of 7099 and 9641.
31
What is the highest common divisor of 27076 and 28?
28
What is the greatest common factor of 403 and 62?
31
What is the highest common divisor of 15 and 3300?
15
What is the highest common divisor of 404 and 258661?
101
Calculate the greatest common factor of 76 and 4460.
4
Calculate the highest common divisor of 41857 and 57.
19
What is the highest common divisor of 8694122 and 118?
118
What is the highest common factor of 12 and 248?
4
What is the greatest common divisor of 53 and 1513362?
53
Calculate the highest common factor of 8559 and 51.
3
What is the highest common factor of 18 and 1515438?
18
What is the highest common divisor of 189 and 50484?
21
Calculate the highest common factor of 26818 and 1794.
46
What is the greatest common factor of 16490 and 238?
34
What is the highest common divisor of 26418 and 126?
42
What is the highest common divisor of 1200 and 324480?
240
What is the greatest common divisor of 5 and 1621?
1
Calculate the highest common divisor of 12 and 184866.
6
Calculate the highest common factor of 25012 and 5624.
148
Calculate the highest common divisor of 20 and 21435.
5
Calculate the greatest common divisor of 668286 and 4336.
542
What is the highest common divisor of 120 and 44502?
6
What is the greatest common divisor of 76 and 27436?
76
What is the greatest common divisor of 357048 and 80040?
696
Calculate the highest common divisor of 1700 and 37876.
68
What is the highest common divisor of 26330 and 50?
10
What is the greatest common divisor of 8992 and 88?
8
Calculate the highest common factor of 34209 and 2457.
189
Calculate the highest common factor of 2255 and 2618957.
451
What is the greatest common factor of 471174 and 2478?
354
Calculate the highest common divisor of 33902 and 10879.
253
What is the greatest common factor of 295392 and 480?
96
What is the greatest common divisor of 175380 and 15?
15
What is the highest common factor of 184 and 41354?
46
Calculate the highest common factor of 14470 and 320.
10
Calculate the highest common factor of 97527 and 61161.
1653
What is the highest common factor of 60978 and 12?
6
Calculate the highest common factor of 14617 and 3110.
311
Calculate the greatest common factor of 64 and 201800.
8
What is the highest common factor of 675 and 2052?
27
What is the highest common divisor of 100448 and 3096?
344
Calculate the highest common factor of 190439 and 148.
37
What is the highest common factor of 1341 and 112197?
447
Calculate the highest common factor of 620 and 4247.
31
Calculate the highest common divisor of 48880 and 988.
52
Calculate the greatest common divisor of 4315 and 80.
5
Calculate the greatest common divisor of 99999 and 205.
41
Calculate the highest common factor of 129 and 1612113.
129
Calculate the highest common divisor of 7360 and 15.
5
What is the highest common factor of 10108 and 28?
28
Calculate the highest common divisor of 311424 and 192.
192
Calculate the greatest common factor of 939031 and 478.
239
Calculate the highest common divisor of 3689 and 7259.
119
What is the highest common divisor of 184 and 153479?
23
What is the greatest common divisor of 156 and 104832?
156
Calculate the highest common factor of 35 and 32543.
7
Calculate the highest common factor of 129563 and 892.
223
What is the highest common divisor of 12683 and 55?
11
Calculate the highest common divisor of 69723 and 61.
61
Calculate the highest common factor of 1170 and 40482.
234
What is the greatest common factor of 507 and 27729?
39
Calculate the greatest common divisor of 504120 and 60.
60
What is the greatest common factor of 65 and 50011?
13
What is the highest common divisor of 36420 and 660?
60
Calculate the greatest common divisor of 164728 and 2360.
472
Calculate the greatest common factor of 1701 and 7533.
243
Calculate the highest common divisor of 2009 and 241408.
41
What is the highest common factor of 46 and 1228706?
46
What is the greatest common divisor of 768 and 3984?
48
What is the highest common divisor of 19 and 146129?
19
What is the highest common divisor of 1293880 and 2240?
280
Calculate the greatest common divisor of 417336 and 32.
8
Calculate the greatest common divisor of 2 and 43742.
2
Calculate the greatest common divisor of 287316 and 253.
23
What is the highest common factor of 10 and 2902?
2
What is the greatest common factor of 7830 and 1218000?
870
Calculate the greatest common factor of 2461 and 111757.
23
What is the highest common divisor of 176465 and 55?
5
What is the greatest common divisor of 408 and 201?
3
Calculate the highest common divisor of 296 and 7160.
8
Calculate the highest common factor of 1076 and 92.
4
What is the highest common factor of 65 and 660?
5
What is the highest common divisor of 14274 and 34866?
234
What is the greatest common divisor of 1194 and 198602?
398
What is the greatest common factor of 26 and 148564?
26
Calculate the greatest common factor of 5 and 39941.
1
What is the highest common divisor of 51793 and 343?
343
What is the greatest common divisor of 48617 and 122?
61
Calculate the highest common factor of 249349 and 30127.
641
What is the greatest common factor of 40 and 13704?
8
Calculate the greatest common factor of 110956 and 8.
4
Calculate the greatest common factor of 30 and 236415.
15
What is the greatest common factor of 242 and 558965?
11
Calculate the greatest common factor of 4638283 and 962.
481
What is the greatest common factor of 445 and 8285?
5
What is the highest common factor of 253 and 61157?
23
What is the highest common factor of 337329 and 259?
37
Calculate the greatest common factor of 1586 and 1092.
26
Calculate the highest common divisor of 609482 and 114.
38
What is the greatest common factor of 108424 and 472?
8
Calculate the highest common factor of 506 and 45034.
506
What is the highest common divisor of 2358 and 27?
9
What is the highest common divisor of 340383 and 747?
249
Calculate the highest common divisor of 3705 and 13065.
195
Calculate the greatest common factor of 25549 an